 s be q(-10). Suppose -5*p - s = 0, -10*g + 12*g - 2*p - 96 = 0. List the prime factors of g.
47
Let x(h) = h**2 - 11*h + 116. Suppose 0 = -8*r + 2*r - 114. What are the prime factors of x(r)?
2, 7
Let p(q) be the third derivative of -q**3 - 1/4*q**4 + 0 + 0*q + 1/12*q**5 - 5*q**2. List the prime factors of p(-3).
3, 19
Suppose 4*n = 4*w - 9944, 6*w - 17*w - 3*n + 27318 = 0. What are the prime factors of w?
2, 3, 23
Let b(k) = -439*k**3 + 6*k**2 - 33*k - 120. List the prime factors of b(-3).
2, 3, 7, 283
Suppose -a - 4*a + 49806 = y, -2*y = -12. What are the prime factors of a?
2, 3, 5, 83
Suppose -114*m + 109*m = 2*j - 57572, 143856 = 5*j - 6*m. What are the prime factors of j?
2, 3, 11, 109
Let j(f) = f**3 - 11*f**2 + 11*f - 5. Let g be j(10). Suppose 0 = 5*i - 2*a - 2226, 0 = g*i - 0*a + a - 2217. Suppose i = 5*w + w. List the prime factors of w.
2, 37
Let x = 34 - 28. Let t(y) = -4*y**3 + 0*y**3 - 9*y + 0*y**2 + 8*y**2 + 12 + 3*y**3. What are the prime factors of t(x)?
2, 3, 5
Suppose -4*f = -21 + 1. Suppose -f*k = -2*x + 27, 0*x + x - 3*k = 14. Suppose -x*l + 39 + 16 = 0. List the prime factors of l.
5
Suppose 0 = -2*m - 3*i + 675, 2*i - 903 - 801 = -5*m. Suppose w + 8*w - m = 0. What are the prime factors of w - -3*8/12?
2, 5
Let w = 1958 + -759. What are the prime factors of w?
11, 109
Suppose -3612*v + 3592*v + 52340 = 0. What are the prime factors of v?
2617
Suppose -5*q - 5*h + 3645 = -3175, -4*q = h - 5471. What are the prime factors of q?
37
Suppose i + 9 = -3*d, 3*d - 4*i - 16 = 5*d. Let n be (-5)/(-2) - ((-6)/(-4) + d). Suppose 5*b = 10, 4*t - 378 = 2*b - n*b. List the prime factors of t.
2, 47
Let t(g) = -g**2 + 5*g + 7. Let s(c) = -3*c**2 + 15*c + 20. Let v(x) = 2*s(x) - 7*t(x). Let m be v(-8). Let k = m + -10. List the prime factors of k.
5, 17
Suppose -20*b + 201450 + 77588 = 14*b. List the prime factors of b.
29, 283
Suppose -3*x = -5*d + 131722, 0 = -3*d - 118*x + 117*x + 79022. What are the prime factors of d?
2, 13171
Suppose 68 = q + 2*w + 2*w, -72 = -q - 3*w. Let b be q - -1*(-8)/2. List the prime factors of 1 + b - ((-8)/2)/(-2).
79
Suppose 5*r = -5*h + 17237 + 115463, 5*r = -3*h + 132686. List the prime factors of r.
13, 157
Suppose -2*f = 48 + 18. Let g = -11 - f. Suppose 27*o - g*o = 45. What are the prime factors of o?
3
Suppose 0 = 2*g - 19*g + 357. What are the prime factors of -274*28/(-24) + (-14)/g?
11, 29
Let k be 1172 - (-5 + 8) - 2. Suppose 0*a = 2*a - 3*l - k, 4*l - 1174 = -2*a. List the prime factors of a.
3, 5, 13
List the prime factors of (17 - 395471/(-86)) + (2 - (-9)/(-2)).
7, 659
Let y be (2 - 0)/(36/54). Let i be (y + -1 - -13)/((-9)/(-48)). Suppose -2*h + i = m + 3*h, 0 = 3*m - 4*h - 164. List the prime factors of m.
2, 3, 5
Suppose 2*w + 93 = 21*z - 16*z, -w + 3*z - 48 = 0. List the prime factors of ((-140)/15 + 6)/(1/w).
2, 5, 13
Let j(z) = z - 12. Let v be j(12). Suppose -4 = b, -g - 3*g - 5*b + 396 = v. What are the prime factors of g?
2, 13
Let t = 508 + 287. Suppose 0 = -7*j + 12*j - t. List the prime factors of j.
3, 53
Suppose -5*i + i = 4*b, i = -3*b. Suppose n + 302 = -3*n - 2*q, i = -n + 5*q - 92. Let h = -43 - n. What are the prime factors of h?
2, 17
Suppose 4*m = -2*v - 48, -2*v + 4*m - 9*m = 46. Let z be (v/(-8) - 3)*-600. Let g = -181 - z. List the prime factors of g.
7, 17
What are the prime factors of 86/(216/(-110) - (-5 - -6)*-2)?
5, 11, 43
Suppose 2*d - 6*d = 34492. Let v = -14433 - d. What are the prime factors of v/(-49) - (-6)/14?
7, 17
List the prime factors of ((-316876)/(-20) - -4) + (-4)/5.
13, 23, 53
Suppose -g = -6*g - 610. Suppose 854 - 674 = -n. Let p = g - n. List the prime factors of p.
2, 29
Let r(y) = 4*y**2 - 4*y + 3. Let h be r(3). Suppose 5*o + 5*m = 35, 3*o + 4*m - 3*m - h = 0. Suppose -9*p - o + 37 = 0. What are the prime factors of p?
3
Let k(t) = -t**2 + 3*t + 1. Let i be k(3). Let z(n) = -n - 1. Let w(f) = f**2 + 2*f - 11. Let u(d) = i*w(d) - 4*z(d). List the prime factors of u(-8).
3
Let o be (64/9)/4 - (-2)/9. Let i = o - -41. List the prime factors of i.
43
Let g be (((-15)/(-4))/3)/(38/152). Suppose -d = -z - 3*z + 1261, -1571 = -g*z + 3*d. List the prime factors of z.
2, 79
Suppose 692513 = 20*p + 121853. List the prime factors of p.
3, 9511
Suppose 16*t - 119 - 25 = 0. Suppose -5*a + 3*y = -1620, 10*a - 337 = t*a - 2*y. What are the prime factors of a?
3, 109
Suppose -9*v + 53*v = 0. Suppose 9*n - 4505 + 194 = v. What are the prime factors of n?
479
Let y(a) = 279*a - 9. Let d(t) = -280*t + 8. Let v(q) = 4*d(q) + 3*y(q). What are the prime factors of v(-1)?
2, 3
Suppose -4*j = 3*k - 3679, 0*j = j - 3*k - 901. List the prime factors of (j/16)/((-4)/(-16)).
229
Suppose -2*q = -3*r - 6*q + 2, 4*q + 10 = 3*r. Let i be ((-6)/5)/((-4)/60). Suppose r*p - i = 2. What are the prime factors of p?
2, 5
Let a = 236 + -242. What are the prime factors of (-1)/a - (-33725)/114?
2, 37
Suppose -2*o = -3 - 5. Suppose 2*u = o*r - 2, -4*r = 4*u - r + 59. What are the prime factors of 1*66 + u + 15?
2, 5, 7
What are the prime factors of 13326 + ((-126)/(-14) - 22)?
13313
Let d(g) = 3*g**2 - 38*g - 9. Let n = -33 + 51. Let l be d(n). Suppose 0 = -5*y + 4*v - 58 + l, -3*y = -5*v - 143. What are the prime factors of y?
41
Let r be 12 + -10 - (1 - -7). Suppose 1036 = 4*p + 4*y, -p + 267 = -y + 4*y. What are the prime factors of -2*(p/r + -4)?
3, 31
Let s = -7346 - -16361. List the prime factors of s.
3, 5, 601
Let k(i) = -i**2 + 30*i - 224. Let q be k(16). Suppose q = 5*o - 1454 - 1311. List the prime factors of o.
7, 79
Suppose -y + 4*m + 1304 = 0, -8*m = 4*y - 6*m - 5216. List the prime factors of y.
2, 163
Let m(v) = 5*v - 13. Let n be m(3). Let c be ((-2)/n)/(1/(-5)). Suppose -c*j = -171 - 294. List the prime factors of j.
3, 31
Let y(a) = -2*a**3 + a**2 + 2*a - 4. Let s be y(2). Let n = 310 + s. Let i = -148 + n. What are the prime factors of i?
2, 3, 5
Suppose 2*j - 4*j - 2 = 3*h, 4*h - 4 = 4*j. Suppose 4*x - 5*l - 1 = h, -6 = -3*x - l + 9. Suppose 0 = x*p - 244 + 44. What are the prime factors of p?
2, 5
Suppose -c - 56937 = -3*x, 3*c = -2*x + 41924 - 3988. What are the prime factors of x?
7, 2711
Let a(l) be the second derivative of l**5/20 + 3*l**4/4 - 2*l**3/3 + 25*l**2/2 - 43*l. List the prime factors of a(-7).
151
Suppose -90 = 4*a + 66. Let f = -43 - a. List the prime factors of (1 - 4)/(f/((-448)/(-6))).
2, 7
Let y(w) = 13*w**3 - 31*w**2 + 43*w - 8. Let u(q) = -9*q**3 + 21*q**2 - 30*q + 5. Let f(h) = 7*u(h) + 5*y(h). What are the prime factors of f(10)?
3, 5, 83
Suppose -4*z + 27 = -3*u - 973, -2*z = -3*u - 1010. Let d = u + 579. What are the prime factors of d?
239
Let r(a) = 13*a + 11. Let j be r(-3). What are the prime factors of 114/j*-6 + (-291)/679?
2, 3
Suppose i + 4*q = 87344, 2*i + q + 24749 = 199500. What are the prime factors of i?
2, 5, 17, 257
Suppose 1298 = 2*s + j, 2*s - 4*j - 1326 = -48. What are the prime factors of s?
647
Suppose -26*o - 4*f = -35*o + 432718, 5*o = 2*f + 240400. What are the prime factors of o?
2, 29, 829
Suppose 4*a = 3*u - 43944, 136*a - 135*a = -4*u + 58592. What are the prime factors of u?
2, 1831
Let h be ((-1)/5 - (-35167)/110)*6. Suppose -4*m - g = -h, -663 = -5*m - 3*g + 1728. What are the prime factors of m?
2, 3, 5
Let b(l) = 10*l - 2. Let z(n) = -n**3 + 5*n**2 + 5*n + 7. Let c be z(6). Let p be 374/119 + 1/(-7)*c. What are the prime factors of b(p)?
2, 7
Let m(u) = -2*u**2 - 372*u - 444. What are the prime factors of m(-129)?
2, 3, 2377
Let u(h) = 2*h**2 + 65*h + 14*h - 48 - 2. What are the prime factors of u(-42)?
2, 5
Let r(j) = -j**3 + 4*j**2 - 4*j - 1. Let x be r(4). Let s(t) = -t**2 - 18*t - 12. Let l be s(x). Let k(p) = 5*p - 18. What are the prime factors of k(l)?
7
Suppose -12069 = 14*w - 15*w - 8*w. What are the prime factors of w?
3, 149
Let t = 0 + 3. Let d be (4/((-16)/(-6)))/((-9)/(-24)). Suppose -t*m + d*k + 23 = 0, -31 = -3*m + 2*k - 0*k. What are the prime factors of m?
13
Suppose 3*w = -2*h - 2*h - 2274, -758 = w + 4*h. Let f = w + 536. Let o = f + 380. What are the prime factors of o?
2, 79
Suppose -60*j - 320856 = -42*j - 47*j. What are the prime factors of j?
2, 3, 461
Let a be 2*(-4)/(-20)*5. Suppose -f + 4*f = k - 2, a*k - 3*f = 7. Let u(c) = 3*c**2 + 2*c. List the prime factors of u(k).